
Suppose 0 = -d - 16*l + 13*l + 21, -4*d + 4*l = -20. Let a be (-6)/(-3)*46/4. Suppose -3*v + 4*v = a. Calculate the remainder when v is divided by d.
5
Let b be (-1 + 2/4)*(462 - -4). Let i = b + 253. Calculate the remainder when 76 is divided by i.
16
Let x = 1780 + -988. Suppose -2*f = 0, -5*q + q + x = -3*f. What is the remainder when q is divided by 25?
23
Let d(w) be the second derivative of w**3/6 - 43*w**2/2 - 56*w + 1. What is the remainder when 11 is divided by d(47)?
3
Suppose 49 = -8*q + q. What is the remainder when (-2)/q + 21495/105 is divided by ((-2)/(-3))/(2/69)?
21
Let w = 8068 - 6214. What is the remainder when w is divided by 614?
12
Let i(z) = -21*z + 2358. Calculate the remainder when i(-140) is divided by 265.
263
Let u(w) = 7*w**2 + 6*w + 7. Let m be u(-2). Suppose -5*q - 55 = -4*v, -m = -7*v + 5*v + q. Calculate the remainder when 238 is divided by v.
8
Let h(f) = -3*f**2 - 36*f - 32. Let j be -3*(-1)/(-18) - 118/12. What is the remainder when 72 is divided by h(j)?
16
Let v be (6/(-9))/(2/3). Suppose 0 = -2*l + x - 52, -5*l + 4*l - 4 = 5*x. What is the remainder when (v/4)/((-4)/l)*-12 is divided by 7?
4
Suppose 2*y - 220 = -2*t, -3*t + 279 + 51 = -4*y. What is the remainder when 1754 is divided by t?
104
What is the remainder when 2841 is divided by 31 + 43/((-43)/22)?
6
Let k = 8787 - 8757. Calculate the remainder when 7829 is divided by k.
29
Let n be 8/56 - (114/14 + 1). What is the remainder when ((-164)/5)/((36/10)/n) is divided by 28?
26
Let y be 2/(-4) + (465/6 - 5). Suppose 2*m + y = 2*f + 2*f, -f = -m - 17. Let o = f - 6. What is the remainder when 37 is divided by o?
11
Let z(v) = 54*v**2 - 2*v - 1. Let x(a) = -15791*a + 63203. Calculate the remainder when z(-1) is divided by x(4).
16
Suppose -5*r = -2*r - 21. Suppose r*h - 490 = 2*h. Let d = 10891 - 10882. What is the remainder when h is divided by d?
8
Calculate the remainder when 787 is divided by 5/4 - (17 - (-31670)/(-40)).
11
Suppose 2 + 18 = 2*q. Suppose 0 = 4*s + 4*z - 10984, 0 = -5*s + 2*z - 6*z + 13728. Suppose -62*h = -6*h - s. Calculate the remainder when h is divided by q.
9
Let d(t) = 54*t**2 + 35*t + 25. What is the remainder when d(4) is divided by 15?
9
Suppose 13*z + 5102 - 7538 = 6495. Calculate the remainder when z is divided by 77.
71
Let t = -1692 - -1711. Calculate the remainder when 317 is divided by t.
13
Let o = -668 - -1001. Suppose 8*v - 1172 = -980. Calculate the remainder when o is divided by v.
21
Let t be -5 - 2*28/(-8). Calculate the remainder when 14 is divided by ((-128)/(-10))/8 - t/(-5).
0
Suppose -5*l = 5, 3*s - 954 + 4 = 2*l. Calculate the remainder when s is divided by 138.
40
Let p(g) = 103*g - 1367. Calculate the remainder when p(14) is divided by (10/(-6))/(1/(-12)).
15
Let m be (-5 - -4)/(1/(-50)). Suppose 12 = -5*o + 4*d - 27, 0 = -3*o - 3*d - 45. Let k = m + o. Calculate the remainder when 115 is divided by k.
37
Suppose 111 + 652 = 47*a - 224. Calculate the remainder when 1962 is divided by a.
9
Let x = 78 - 66. Let t = x + 2. Suppose 0 = 3*p - 58 - t. Calculate the remainder when 62 is divided by p.
14
Let o(s) = 2*s**3 + 56*s**2 + 55*s + 40. Calculate the remainder when 1661 is divided by o(-27).
10
Let q = 354 + -356. Calculate the remainder when 163219/294 - q/(-12) is divided by 93.
90
Suppose w - s = 2, -s - 14 + 0 = -5*w. Let b(c) = 3*c**2 + 4*c - 2. Let o = 114 - -30. What is the remainder when o is divided by b(w)?
33
Let c be -3 + 4 + (0 - (0 - -1)). Suppose c = 3*o - 197 - 52. What is the remainder when o is divided by 23?
14
Let k = -6582 - -6659. Calculate the remainder when 2307 is divided by k.
74
Let i be 2*(-4*3)/(-4). Suppose -i*d + 366 - 12 = 0. Suppose d - 10 = 7*g. What is the remainder when 25 is divided by g?
4
What is the remainder when 16*((-2)/3)/(16/(-1104)) is divided by 74?
70
Let k be (390/(-234))/(5/(-72)). Suppose -3*y - 25*l + 296 = -k*l, -2*y + 184 = -2*l. Let w = -19 + 39. Calculate the remainder when y is divided by w.
17
Suppose -16 - 159 = -5*t. Let z = 81 - -122. Suppose 0 = 14*s - z - 49. Calculate the remainder when t is divided by s.
17
Suppose 43 = 3*c - 8*u + 7*u, 59 = 4*c - u. Suppose c*l + 108 = 20*l. What is the remainder when l is divided by 11?
5
Let l = -602 - -606. What is the remainder when 1334 is divided by l?
2
Suppose -93*b = -96*b - 5*f + 12433, 4*b = 4*f + 16620. What is the remainder when b is divided by 277?
273
Suppose -27*x + 49*x = -170*x + 44736. What is the remainder when x is divided by 18?
17
Let c(h) = h**3 - 9*h**2 - 12*h. Let u be c(6). Let g be ((u/(-25))/(-6))/((-9)/570). Suppose -4*b + 72 = -g. What is the remainder when b is divided by 14?
9
Let l = 73 - 75. What is the remainder when (-62)/(-4) - 12/(-8) is divided by (-29 + 19)*l/4?
2
Suppose 0 = -8*g - 160 + 544. What is the remainder when 174 - -14 - (-5)/(2 - 3) is divided by g?
39
Let c = -107 + 98. Let h(x) = -2*x**2 - 25*x - 16. Calculate the remainder when h(c) is divided by 7.
5
Let h(w) = -3*w**2 + 15*w**2 - 9*w**2 - w - 7. Let r be h(-6). Suppose 111*d - 156 = r*d. What is the remainder when 194 is divided by d?
38
Suppose -x + 2*g + 883 = -2*g, 2*g + 3532 = 4*x. Calculate the remainder when x is divided by 294.
1
Let n(l) = 34*l**2 + 4*l - 3. Let w be n(-2). Suppose 5*g + w = 5*j - 115, 4*j - 188 = 3*g. Calculate the remainder when j is divided by 8.
4
Suppose 6490 = 153*k - 98*k. What is the remainder when 544 is divided by k?
72
Let c(o) = 10*o**3 - 4*o**2 - 2*o + 1. Let q be c(-1). Let w = q - -22. What is the remainder when (6/(-8))/(2/(-48)) is divided by w?
7
Suppose 33 - 523 = 7*b. Let o = 102 + b. Calculate the remainder when 150 is divided by o.
22
Let i(v) = 2*v**3 - 42*v**2 + 199*v + 2. Let h = -50 - -109. Calculate the remainder when i(6) is divided by h.
57
Let g = -123 + 183. Suppose -38 - g = -7*m. What is the remainder when 122 is divided by m?
10
Let r(w) = -w**3 + 20*w**2 + 48*w - 927. What is the remainder when 9448 is divided by r(20)?
10
Calculate the remainder when 95 is divided by -3 + 1 + 48/(-4) + 90.
19
Let o(n) be the third derivative of n**5/30 + 3*n**4/4 + 3*n**3 - n**2 - 19. What is the remainder when 31 is divided by o(-9)?
13
Suppose d - 48 = -2*y, 3*d - 28 = -2*y + 12. Let g(p) be the first derivative of -3*p**2/2 - 3*p + 5. Calculate the remainder when y is divided by g(-6).
11
Let p be ((-9)/(-18))/(3/(-5760)). Calculate the remainder when 19 is divided by (-12864)/p + (-2)/5 + 0.
6
Let p(t) = t**2 + 6*t + 3. Let r(z) = -z**2 + 4*z + 3*z - 10 - 18*z + 3. Let h be r(-11). What is the remainder when 47 is divided by p(h)?
7
Let q be -2090*1/4*-2. Suppose 5*c = 285 + q. Calculate the remainder when c is divided by 30.
26
Suppose 198 = -15*a + 21*a. What is the remainder when 10723 is divided by a?
31
Let z(d) be the first derivative of d**2/2 - 4*d + 9. Suppose 3*j = 6, 4*j + 156 - 5 = 3*n. Calculate the remainder when n is divided by z(18).
11
Let p(v) = -18*v**2 - 609*v - 62. Calculate the remainder when p(-33) is divided by 109.
106
Let o(v) be the first derivative of 16*v**3 - v + 1. Suppose -2*x + 3*m = -11, x + 2 = -0*m - m. What is the remainder when o(x) is divided by 7?
5
Suppose 0 = 2*v - 5*h - 1465, 3*v - 54*h - 2131 = -56*h. Calculate the remainder when v is divided by 111.
49
Suppose 0 = -x - x + 1008. Let y = x - 301. Suppose 4*t + 3*r = y, 0 = r - 2*r + 1. Calculate the remainder when 248 is divided by t.
48
Let p(m) = -5*m + 6. Let s be p(0). Suppose 2*t - s = -2, t + 18 = 2*c. Suppose -2*n = 3*n - 5, -4*o + 101 = -3*n. What is the remainder when o is divided by c?
6
Let b be (-390)/(-7) - 7/((-147)/6). Suppose -c - b = -3*h, -3*c - 92 = -5*h - c. What is the remainder when h is divided by (-45)/(-15) - (-1 + -3)?
6
Let n be (10/105 - 5178/126)/(-1). Let t be (-23 - 1)*1/(-2). Let y = n + t. What is the remainder when y is divided by 30?
23
Suppose -5*h = -5*s - 60, s = 3*h - 0*s - 30. Let v(c) = 3*c**2 - 8*c - 20. What is the remainder when v(h) is divided by 17?
15
Let h(s) = 6*s**2 + 41*s - 264. What is the remainder when 158 is divided by h(5)?
67
What is the remainder when 4/10*23835/42 - 0 is divided by 43?
12
Suppose 12*n - 71 - 121 = 0. Suppose -2215 = 68*c - 73*c + 5*i, 895 = 2*c + i. Calculate the remainder when 